{"id":120,"date":"2008-03-15T15:22:08","date_gmt":"2008-03-15T13:22:08","guid":{"rendered":"http:\/\/buyruk.net\/blog\/ilgilendiklerim\/"},"modified":"2008-03-16T00:41:48","modified_gmt":"2008-03-15T22:41:48","slug":"ilgilendiklerim","status":"publish","type":"page","link":"http:\/\/buyruk.net\/blog\/ilgilendiklerim\/","title":{"rendered":"\u0130lgilendiklerim"},"content":{"rendered":"<p class=\"MsoNormal\"><em><span lang=\"TR\">\u201cHakk\u0131nda\u201d <\/span><\/em><span lang=\"TR\">sayfas\u0131nda sizlere kendimi bir nebze olsun tan\u0131tmaya \u00e7al\u0131\u015fsam da, baz\u0131 \u015feyler var ki, o sayfay\u0131 doldurup ta\u015f\u0131racak. Bendeniz de b\u00f6yle a\u015f\u0131r\u0131 merakl\u0131, ona buna ilgi duyan biri oldu\u011fum i\u00e7in, \u00f6yle veya b\u00f6yle hayat\u0131mda bir \u015fekilde u\u011fra\u015fm\u0131\u015f oldu\u011fum \/ hal\u00e2 u\u011fra\u015fmakta oldu\u011fum ilgi alanlar\u0131m\u0131 s\u0131ralamak i\u00e7in ayr\u0131 bir sayfan\u0131n daha g\u00fczide duraca\u011f\u0131na karar verdim. Sizleri \u015f\u00f6yle alal\u0131m:<o:p><\/o:p><\/span><\/p>\n<p class=\"MsoNormal\"><strong><span lang=\"TR\">Basketbol: <\/span><\/strong><span lang=\"TR\">Bu kadar ha\u015f\u0131r ne\u015fir oldu\u011fum bir \u015fey olmad\u0131 herhalde bug\u00fcne kadar. Bahane olmamas\u0131 gerekse de eskisi kadar gen\u00e7, dinamik olmad\u0131\u011f\u0131mdan ve de klasik bahane zaman yaratamamdan \u00f6t\u00fcr\u00fc aktif olarak oynayamasam da, bunu ma\u00e7lar\u0131, haberleri daha yak\u0131ndan telafi ederek gideriyorum. Zaman konusunda arkada\u015flar\u0131ma bat\u0131rmak istiyorum asl\u0131nda i\u011fneyi. Bir \u015fekilde zaman buluyorum ben. Ama yan\u0131na bir arkada\u015f \u00e7\u0131kmay\u0131nca ne i\u015fe yarar? Tek ba\u015f\u0131na oynamak? Ha, onu da denedim. Oynad\u0131\u011f\u0131m yerlerde fazla pop\u00fcler olmad\u0131\u011f\u0131 i\u00e7in, genelde bo\u015f potalarla kar\u015f\u0131la\u015ft\u0131m, b\u00f6yle olunca da s\u0131k\u0131lmak fazla zaman\u0131n\u0131 alm\u0131yor insan\u0131n. Peki nas\u0131l takip ediyorum bu spordaki geli\u015fmeleri? Internet siteleri. Her g\u00fcn istisnas\u0131z takip etti\u011fim siteler: <\/span><a href=\"http:\/\/www.nba.com\/scoreboard\/\"><span lang=\"TR\">NBA &#8211; Scoreboard<\/span><\/a><span lang=\"TR\"> \u2013 G\u00fcnl\u00fck olarak NBA ma\u00e7 sonu\u00e7lar\u0131n\u0131, istatistiklerini \u00f6\u011frenebilece\u011finiz, ma\u00e7 videolar\u0131na ula\u015fabilece\u011finiz sayfan\u0131n yan\u0131 s\u0131ra, tak\u0131m, oyuncu sayfalar\u0131n\u0131, geni\u015f video, yaz\u0131 ar\u015fivini ziyaret edebilirsiniz, tart\u0131\u015fmas\u0131z en geni\u015f i\u00e7erikli NBA sitesi -NBA\u2019in resmi sitesi. <\/span><a href=\"http:\/\/www.nbaobsessed.com\/\"><span lang=\"TR\">NBA-Obsessed<\/span><\/a><span lang=\"TR\"> \u2013 NBA \u00fczerine bir blog. James Edwards taraf\u0131ndan y\u00f6netilen bu blogla, NBA ile ilgili \u00f6nemli haberleri \u00f6\u011frenebilir, bizim kamuoyumuza, medyam\u0131za yans\u0131mayacak haber detaylar\u0131na ula\u015fabilir, takas, kovulma dedikodular\u0131na kendinizi daha yak\u0131n hissedebilirsiniz. <\/span><a href=\"http:\/\/www.ntvspor.net\/Pages\/Default.asp\"><span lang=\"TR\">NTVSpor<\/span><\/a><span lang=\"TR\"> \u2013 Muhtemelen herkesin arada bir konu\u011fu ald\u0131\u011f\u0131 NTV\u2019nin spor i\u00e7erikli haber sitesi. Her ne kadar NBA ile ilgili haberlerin say\u0131s\u0131 yeterli olman\u0131n \u00e7ok uza\u011f\u0131nda olsa da, Beko Basketbol Ligi ve Avrolig konusunda ba\u015far\u0131l\u0131 bir kaynak. Ayn\u0131 zamanda birka\u00e7 g\u00fcn veya haftada yay\u0131nlanan r\u00f6portajlar ve de\u011ferlendirme yaz\u0131lar\u0131yla, g\u00fcndeme bir \u015fekilde tutunabilirsiniz. <\/span><a href=\"http:\/\/www.euroleague.net\/\"><span lang=\"TR\">Euroleague<\/span><\/a><span lang=\"TR\"> \u2013 Avrolig i\u00e7in tart\u0131\u015fmas\u0131z bir numaral\u0131 kaynak. Canl\u0131 ma\u00e7 skorlar\u0131na takip edebilir, tak\u0131m, oyuncular hakk\u0131nda bilgiler alabilir, ma\u00e7 \u00f6yk\u00fclerini okuyabilirsiniz.<o:p><\/o:p><\/span><\/p>\n<p class=\"MsoNormal\"><strong><span lang=\"TR\">Foto\u011fraf\u00e7\u0131l\u0131k: <\/span><\/strong><span lang=\"TR\">\u00d6zellikle son 2 y\u0131l i\u00e7erisinde her ge\u00e7en g\u00fcn daha fazla b\u00fcy\u00fcyen foto\u011fraf merak\u0131m\u0131n, daha \u00f6nceleri nerelerde oldu\u011funu \u00f6\u011frenmek istiyorum. Bilen, duyan varsa ses etsin. Erasmus \u00f6\u011frencisi olarak Almanya yollar\u0131na d\u00fc\u015f\u00fcnce, art\u0131k bir foto\u011fraf makinesi almak farz olmu\u015ftu. Onu da u\u00e7a\u011f\u0131n kalkmas\u0131na saatler kala alm\u0131\u015ft\u0131m. \u0130yi ki de alm\u0131\u015f\u0131m, yoksa Almanya\u2019da bir makine edenine kadar bir\u00e7ok \u015feyi ka\u00e7\u0131rm\u0131\u015f olacakt\u0131m. \u0130\u015fte o zaman bir karambolle ald\u0131\u011f\u0131m ilk makinem bir <\/span><a href=\"http:\/\/www.samsung.com\/ph\/products\/digitalcamera\/digitalcamera\/digimaxs600black.asp\"><span lang=\"TR\">Samsung Digimax S600<\/span><\/a><span lang=\"TR\"> idi. -T\u00fcrk\u00e7e incelemesine <\/span><a href=\"http:\/\/www.letsgodigital.org\/tr\/news\/articles\/story_5804.html\"><span lang=\"TR\">buradan<\/span><\/a><span lang=\"TR\"> ula\u015fabilirsiniz- Erasmus maceram\u0131 noktalad\u0131ktan sonra, kabaran i\u00e7g\u00fcd\u00fclerim beni biraz daha profesyonel bir makine almam konusunda d\u00fcrt\u00fckledi. Sonunda fiyat\u0131 olduk\u00e7a uygun olan, yar\u0131-profesyonel <\/span><a href=\"http:\/\/www.fujifilm.com\/products\/digital_cameras\/s\/finepix_s5700\/index.html\"><span lang=\"TR\">Fujifilm Finepix s5700<\/span><\/a><span lang=\"TR\"> \u00fczerinde karar k\u0131ld\u0131m. -T\u00fcrk\u00e7e incelemesine <\/span><a href=\"http:\/\/www.letsgodigital.org\/tr\/13080\/fujifilm_finepix_s5700\/\"><span lang=\"TR\">buradan<\/span><\/a><span lang=\"TR\"> ula\u015fabilirsiniz- Makro \u00e7ekimlerde \u00e7ok iyi performans vermesine kar\u015f\u0131n, ayn\u0131 seviyeyi gece, \u00f6zellikle fla\u015fl\u0131 \u00e7ekimlerde g\u00f6sterememesi makinemin nezdimde en b\u00fcy\u00fck eksisi. Tabii bunun yan\u0131nda batarya g\u00f6stergesi olmamas\u0131 ve t\u00fckenmesinden sadece birka\u00e7 dakika \u00f6nce uyarmas\u0131 da say\u0131labilir ama benim gibi pillerini z\u0131rp-p\u0131rt sarj eden pimpirikliler i\u00e7in bir sorun te\u015fkil etmiyor bu mevzu.<o:p><\/o:p><\/span><\/p>\n<p class=\"MsoNormal\"><strong><span lang=\"TR\">Futbol: <\/span><\/strong><span lang=\"TR\">T\u00fcrk oldu\u011fumuza g\u00f6re buna da de\u011finmeden ge\u00e7emezdik. Almanya\u2019da ge\u00e7irdi\u011fim 1 sene boyunca, hemen her \u015feyden uzak kal\u0131nca, biraz so\u011fumu\u015ftum a\u00e7\u0131k\u00e7as\u0131. Arada s\u0131rada internetten dinledi\u011fim radyo yay\u0131nlar\u0131yla ve takip etti\u011fim haber siteleriyle g\u00fcndemi yakalamaya \u00e7al\u0131\u015ft\u0131m. Ama tekrar T\u00fcrkiye\u2019ye, \u00f6zellikle de \u0130stanbul\u2019a d\u00f6nmemle beraber i\u00e7imdeki \u00e7o\u015fku yeniden alevlendi. Ma\u00e7lara giderek de \u00f6zledi\u011fim atmosfere kavu\u015fmu\u015f oldum. Bu konuda da \u00e7ok fazla kaynak takip etmemekle birlikte, yine <\/span><a href=\"http:\/\/www.ntvspor.net\/Pages\/Default.asp\"><span lang=\"TR\">NTVSpor<\/span><\/a> okuyorum. Avrupa ligi ma\u00e7lar\u0131 i\u00e7inse <a href=\"http:\/\/www.uefa.com\/\">UEFA.com<\/a>\u2019\u0131 takip ediyorum. Bu arada laf\u0131 ge\u00e7mi\u015fken de k\u0131nayay\u0131m kendilerini. En basitinden bir ma\u00e7 g\u00f6r\u00fcnt\u00fcs\u00fc i\u00e7in bile paral\u0131 \u00fcyelik talep ediyorlar. NBA.com bu kadar se\u00e7enek sunarken, UEFA.com\u2019un b\u00f6yle bir hal tak\u0131nmas\u0131na pek anlam veremiyorum maalesef.<\/p>\n<p class=\"MsoNormal\"><strong><span lang=\"TR\">Sudoku: <\/span><\/strong><span lang=\"TR\">Di\u011ferlerinin yan\u0131nda s\u00f6n\u00fck kal\u0131yor ama yine de akl\u0131ma geldi\u011fi i\u00e7in yazmak istedim. \u00dclkemizde ilk pop\u00fcler olmaya ba\u015flad\u0131\u011f\u0131 zaman, san\u0131r\u0131m 2, 3 sene \u00f6nce, gazeteler falan Pazar eklerinde s\u00fcrekli olarak bulmaca k\u0131s\u0131mlar\u0131nda Sudoku\u2019ya yer vermeye ba\u015flad\u0131klar\u0131 zaman ben de merak edip ba\u015flam\u0131\u015ft\u0131m \u00e7\u00f6zmeye. Sonralar\u0131 merak\u0131m biraz daha artt\u0131, bu tetris \u015feklinde olan makinelerinden ald\u0131m. \u00c7ok fazla kullanma imkan\u0131m olmad\u0131, araya bir \u015feyler girdi, \u00f6ylece kald\u0131. Sonra yine Almanya fakt\u00f6r\u00fc girdi araya, 1 sene de \u00f6yle sayay\u0131m. En sonunda day\u0131m\u0131n hediyesiyle edinmi\u015f oldu\u011fum yeni cep telefonunda flash animasyonu olarak sudoku oldu\u011funu g\u00f6r\u00fcnce bir sevindirik olmu\u015ftum. Otob\u00fcste t\u0131k\u0131l\u0131p kald\u0131\u011f\u0131m zamanlarda da durumum m\u00fcsait oldu\u011funda oynamaya ba\u015flad\u0131m, hal\u00e2 da oynuyorum. Vapurdayken genelde kitap okumay\u0131 tercih ediyorum ama otob\u00fcste Sudokuyla ha\u015f\u0131r ne\u015fir oluyorum bu aralar.<\/span><\/p>\n<p class=\"MsoNormal\">Devam\u0131 gelecek&#8230;<\/p>\n<p class=\"MsoNormal\"><span lang=\"TR\"><o:p> <\/o:p><\/span><\/p>\n\n<p class=\"sayac_bilgi\">Bu yaz\u0131 toplamda 0, bug\u00fcn ise 0 kez g\u00f6r\u00fcnt\u00fclenmi\u015f.<\/p>\n","protected":false},"excerpt":{"rendered":"<p>\u201cHakk\u0131nda\u201d sayfas\u0131nda sizlere kendimi bir nebze olsun tan\u0131tmaya \u00e7al\u0131\u015fsam da, baz\u0131 \u015feyler var ki, o sayfay\u0131 doldurup ta\u015f\u0131racak. Bendeniz de b\u00f6yle a\u015f\u0131r\u0131 merakl\u0131, ona buna ilgi duyan biri oldu\u011fum i\u00e7in, \u00f6yle veya b\u00f6yle hayat\u0131mda bir \u015fekilde u\u011fra\u015fm\u0131\u015f oldu\u011fum \/ hal\u00e2 u\u011fra\u015fmakta oldu\u011fum ilgi alanlar\u0131m\u0131 s\u0131ralamak i\u00e7in ayr\u0131 bir sayfan\u0131n daha g\u00fczide duraca\u011f\u0131na karar verdim. Sizleri [&hellip;]<\/p>\n","protected":false},"author":1,"featured_media":0,"parent":0,"menu_order":0,"comment_status":"open","ping_status":"open","template":"","meta":[],"_links":{"self":[{"href":"http:\/\/buyruk.net\/blog\/wp-json\/wp\/v2\/pages\/120"}],"collection":[{"href":"http:\/\/buyruk.net\/blog\/wp-json\/wp\/v2\/pages"}],"about":[{"href":"http:\/\/buyruk.net\/blog\/wp-json\/wp\/v2\/types\/page"}],"author":[{"embeddable":true,"href":"http:\/\/buyruk.net\/blog\/wp-json\/wp\/v2\/users\/1"}],"replies":[{"embeddable":true,"href":"http:\/\/buyruk.net\/blog\/wp-json\/wp\/v2\/comments?post=120"}],"version-history":[{"count":1,"href":"http:\/\/buyruk.net\/blog\/wp-json\/wp\/v2\/pages\/120\/revisions"}],"predecessor-version":[{"id":842,"href":"http:\/\/buyruk.net\/blog\/wp-json\/wp\/v2\/pages\/120\/revisions\/842"}],"wp:attachment":[{"href":"http:\/\/buyruk.net\/blog\/wp-json\/wp\/v2\/media?parent=120"}],"curies":[{"name":"wp","href":"https:\/\/api.w.org\/{rel}","templated":true}]}}